actors of 2084442.
2, 3, 73, 4759
What are the prime factors of 1123104?
2, 3, 11699
What are the prime factors of 959078?
2, 31, 499
List the prime factors of 26512345.
5, 1217, 4357
List the prime factors of 78715.
5, 7, 13, 173
List the prime factors of 2382810.
2, 3, 5, 79427
What are the prime factors of 12254452?
2, 7, 83, 5273
List the prime factors of 635510.
2, 5, 103, 617
What are the prime factors of 780313?
149, 5237
List the prime factors of 12247610.
2, 5, 151, 8111
List the prime factors of 11901740.
2, 5, 595087
List the prime factors of 7391949.
3, 2463983
List the prime factors of 4550056.
2, 7, 31, 2621
What are the prime factors of 8366343?
3, 2788781
List the prime factors of 1940953.
7, 277279
List the prime factors of 8901584.
2, 83, 6703
List the prime factors of 4815526.
2, 47, 51229
What are the prime factors of 3480126?
2, 3, 13, 44617
What are the prime factors of 1598871?
3, 61, 8737
What are the prime factors of 700558?
2, 37, 9467
What are the prime factors of 33459456?
2, 3, 19, 2293
List the prime factors of 6829557.
3, 7, 325217
List the prime factors of 647368.
2, 19, 4259
What are the prime factors of 880658?
2, 440329
What are the prime factors of 399408?
2, 3, 53, 157
List the prime factors of 35872.
2, 19, 59
What are the prime factors of 3681195?
3, 5, 7, 35059
List the prime factors of 3510724.
2, 7, 125383
What are the prime factors of 1274228?
2, 318557
List the prime factors of 2692575.
3, 5, 3989
List the prime factors of 119330.
2, 5, 11933
What are the prime factors of 7286156?
2, 1319, 1381
List the prime factors of 9455867.
9455867
List the prime factors of 72613.
72613
What are the prime factors of 983929?
983929
List the prime factors of 5433916.
2, 1358479
What are the prime factors of 266319?
3, 127, 233
List the prime factors of 287281.
287281
List the prime factors of 15226872.
2, 3, 47, 13499
What are the prime factors of 731514?
2, 3, 7, 17417
What are the prime factors of 1010198?
2, 7, 59, 1223
What are the prime factors of 498611?
498611
List the prime factors of 1514000.
2, 5, 757
What are the prime factors of 4760897?
937, 5081
What are the prime factors of 330260?
2, 5, 7, 337
What are the prime factors of 3930949?
11, 357359
What are the prime factors of 4306785?
3, 5, 7, 41017
List the prime factors of 2688010.
2, 5, 13, 23, 29, 31
What are the prime factors of 961723?
7, 19, 1033
List the prime factors of 196261.
13, 31, 487
List the prime factors of 1101548.
2, 7, 39341
What are the prime factors of 479354?
2, 89, 2693
List the prime factors of 2738941.
2738941
List the prime factors of 832224.
2, 3, 8669
List the prime factors of 3306592.
2, 191, 541
What are the prime factors of 4519486?
2, 443, 5101
What are the prime factors of 202613?
202613
What are the prime factors of 18232805?
5, 31, 79, 1489
List the prime factors of 1673232.
2, 3, 11, 3169
List the prime factors of 4473929.
37, 120917
What are the prime factors of 27751904?
2, 223, 3889
List the prime factors of 2427886.
2, 1213943
List the prime factors of 20407817.
1493, 13669
List the prime factors of 67899.
3, 13, 1741
What are the prime factors of 183608?
2, 59, 389
List the prime factors of 19783.
73, 271
What are the prime factors of 1730473?
1730473
What are the prime factors of 3208319?
3208319
List the prime factors of 1822503.
3, 163, 3727
List the prime factors of 1890064.
2, 11, 10739
List the prime factors of 44277.
3, 14759
List the prime factors of 112463.
13, 41, 211
List the prime factors of 2995950.
2, 3, 5, 19973
List the prime factors of 4464733.
7, 13, 43, 163
List the prime factors of 193924.
2, 48481
What are the prime factors of 1263318?
2, 3, 7, 4297
List the prime factors of 724407.
3, 241469
What are the prime factors of 2390553?
3, 11, 2683
What are the prime factors of 117602?
2, 127, 463
What are the prime factors of 9471320?
2, 5, 236783
List the prime factors of 3824804.
2, 773, 1237
What are the prime factors of 79649?
23, 3463
What are the prime factors of 437376?
2, 3, 17, 67
What are the prime factors of 4021058?
2, 1303, 1543
What are the prime factors of 9132898?
2, 181, 25229
List the prime factors of 922732.
2, 230683
List the prime factors of 575648.
2, 17989
What are the prime factors of 40019?
7, 5717
What are the prime factors of 7170230?
2, 5, 37, 19379
List the prime factors of 642496.
2, 10039
List the prime factors of 14703488.
2, 313, 367
What are the prime factors of 21024753?
3, 7008251
What are the prime factors of 9222054?
2, 3, 59, 109, 239
List the prime factors of 9365119.
19, 492901
What are the prime factors of 6511997?
6511997
What are the prime factors of 5674448?
2, 13, 27281
List the prime factors of 11795.
5, 7, 337
What are the prime factors of 2701266?
2, 3, 17, 71, 373
What are the prime factors of 64116?
2, 3, 13, 137
List the prime factors of 170066.
2, 13, 31, 211
List the prime factors of 602508.
2, 3, 23, 37, 59
List the prime factors of 10087.
7, 11, 131
What are the prime factors of 6850879?
7, 978697
What are the prime factors of 361580?
2, 5, 101, 179
List the prime factors of 8609940.
2, 3, 5, 31, 1543
List the prime factors of 241065.
3, 5, 11, 487
What are the prime factors of 488885?
5, 97777
What are the prime factors of 251658?
2, 3, 11, 31, 41
List the prime factors of 65104.
2, 13, 313
List the prime factors of 2463274.
2, 11, 19, 71, 83
List the prime factors of 541916.
2, 135479
List the prime factors of 4605834.
2, 3, 37, 20747
List the prime factors of 40163846.
2, 41, 489803
List the prime factors of 413455.
5, 7, 11813
List the prime factors of 984299.
984299
List the prime factors of 560869.
560869
List the prime factors of 1236526.
2, 23, 26881
List the prime factors of 1132747.
7, 11, 47, 313
List the prime factors of 1341523.
1341523
What are the prime factors of 7844108?
2, 1961027
What are the prime factors of 125811?
3, 7, 1997
What are the prime factors of 20542?
2, 10271
What are the prime factors of 204451?
13, 15727
List the prime factors of 12793821.
3, 19, 389, 577
What are the prime factors of 4388830?
2, 5, 103, 4261
What are the prime factors of 3680600?
2, 5, 7, 11, 239
List the prime factors of 217311.
3, 17, 4261
What are the prime factors of 78660?
2, 3, 5, 19, 23
What are the prime factors of 304171?
7, 19, 2287
List the prime factors of 3090414.
2, 3, 29, 17761
What are the prime factors of 1827700?
2, 5, 7, 373
List the prime factors of 970642.
2, 53, 9157
List the prime factors of 1304192.
2, 23, 443
What are the prime factors of 1750?
2, 5, 7
What are the prime factors of 830467?
11, 17, 4441
What are the prime factors of 250351?
79, 3169
List the prime factors of 725522.
2, 7, 29, 1787
List the prime factors of 1675851.
3, 173, 3229
What are the prime factors of 168443?
11, 15313
What are the prime factors of 5166794?
2, 43, 73, 823
What are the prime factors of 611263?
611263
List the prime factors of 1451253.
3, 483751
What are the prime factors of 602748?
2, 3, 5581
What are the prime factors of 6470826?
2, 3, 1078471
What are the prime factors of 267037?
267037
What are the prime factors of 7257418?
2, 7, 518387
What are the prime factors of 3991252?
2, 997813
List the prime factors of 44459.
23, 1933
What are the prime factors of 1044974?
2, 7, 10663
What are the prime factors of 2582404?
2, 11, 19, 3089
List the prime factors of 142859.
373, 383
List the prime factors of 177138.
2, 3, 13, 757
List the prime factors of 693084.
2, 3, 7, 37, 223
What are the prime factors of 4940773?
1663, 2971
List the prime factors of 2334450.
2, 3, 5, 79, 197
What are the prime factors of 430269?
3, 7, 2927
List the prime factors of 36160.
2, 5, 113
List the prime factors of 946265.
5, 189253
List the prime factors of 151892.
2, 13, 23, 127
List the prime factors of 231487.
83, 2789
What are the prime factors of 221190?
2, 3, 5, 73, 101
What are the prime factors of 599292?
2, 3, 31, 179
What are the prime factors of 485707?
17, 28571
What are the prime factors of 314092?
2, 17, 31, 149
What are the prime factors of 132301?
13, 10177
List the prime factors of 33780.
2, 3, 5, 563
List the prime factors of 2977583.
7, 8681
List the prime factors of 461783.
7, 41, 1609
What are the prime factors of 2096771?
103,